r of 878?
False
Is 69 a factor of 98330?
False
Is 1241 a multiple of 71?
False
Is 8 a factor of 208?
True
Is 33012 a multiple of 28?
True
Is 28 a factor of 700?
True
Is 76 a factor of 1170?
False
Is 110 a factor of 2638?
False
Is 14 a factor of 1736?
True
Is 918 a multiple of 18?
True
Does 9 divide 109000?
False
Does 2 divide 3933?
False
Does 64 divide 8064?
True
Is 37 a factor of 74?
True
Is 2 a factor of 1031?
False
Is 31 a factor of 10943?
True
Is 154 a factor of 4100?
False
Is 2 a factor of 23?
False
Is 13258 a multiple of 12?
False
Does 55 divide 110?
True
Does 6 divide 102?
True
Does 2 divide 18?
True
Is 378 a multiple of 21?
True
Does 12 divide 528?
True
Is 36 a factor of 1718?
False
Is 17 a factor of 9808?
False
Does 17 divide 1156?
True
Is 2088 a multiple of 12?
True
Is 20 a factor of 287?
False
Is 15 a factor of 1631?
False
Is 17 a factor of 153?
True
Is 6063 a multiple of 97?
False
Does 45 divide 6885?
True
Is 101 a multiple of 7?
False
Is 100 a factor of 24749?
False
Is 33 a multiple of 2?
False
Is 8 a factor of 4525?
False
Does 45 divide 90360?
True
Is 3199 a multiple of 59?
False
Is 2024 a multiple of 44?
True
Is 69 a factor of 4407?
False
Does 7 divide 1032?
False
Is 990 a multiple of 15?
True
Is 9 a factor of 103249?
False
Is 62 a factor of 22579?
False
Is 12 a factor of 1415?
False
Does 8 divide 4024?
True
Is 1150 a multiple of 50?
True
Is 36 a factor of 54504?
True
Does 10 divide 839?
False
Does 4 divide 5200?
True
Is 24293 a multiple of 195?
False
Is 931 a multiple of 6?
False
Is 351 a multiple of 19?
False
Is 971 a multiple of 11?
False
Is 908 a multiple of 4?
True
Is 14 a factor of 9155?
False
Is 5 a factor of 20585?
True
Is 17172 a multiple of 31?
False
Does 15 divide 323?
False
Does 13 divide 5597?
False
Is 71 a factor of 1317?
False
Is 1441 a multiple of 36?
False
Does 115 divide 3105?
True
Is 25 a factor of 1975?
True
Is 28 a factor of 463?
False
Is 55286 a multiple of 7?
True
Is 7442 a multiple of 29?
False
Is 703 a multiple of 72?
False
Is 17 a factor of 836?
False
Is 11 a factor of 1350?
False
Does 105 divide 735?
True
Is 14 a factor of 1106?
True
Is 684 a multiple of 19?
True
Is 706 a multiple of 36?
False
Does 14 divide 5068?
True
Is 50322 a multiple of 262?
False
Is 11826 a multiple of 18?
True
Is 6591 a multiple of 85?
False
Does 12 divide 310?
False
Is 25 a factor of 1975?
True
Is 87935 a multiple of 43?
True
Is 1146 a multiple of 21?
False
Does 8 divide 587?
False
Does 41 divide 533?
True
Does 40 divide 2186?
False
Does 14 divide 8946?
True
Is 9 a factor of 324?
True
Is 3 a factor of 9379?
False
Is 8 a factor of 40?
True
Is 9 a factor of 8055?
True
Is 6 a factor of 1080?
True
Is 372 a multiple of 9?
False
Does 11 divide 1012?
True
Is 501 a multiple of 20?
False
Does 5 divide 906?
False
Is 19 a multiple of 14?
False
Does 2 divide 172?
True
Is 32627 a multiple of 4?
False
Is 50 a factor of 1428?
False
Is 33 a factor of 693?
True
Is 37339 a multiple of 106?
False
Is 5 a factor of 2542?
False
Does 49 divide 196?
True
Is 22 a factor of 2376?
True
Is 14490 a multiple of 105?
True
Is 9 a factor of 2874?
False
Does 37 divide 13783?
False
Is 212 a factor of 24804?
True
Is 5 a factor of 3013?
False
Is 5 a factor of 54856?
False
Is 155 a factor of 12090?
True
Is 62 a factor of 2170?
True
Is 16434 a multiple of 13?
False
Is 58 a factor of 5742?
True
Is 17 a factor of 1156?
True
Is 354 a multiple of 30?
False
Does 137 divide 23975?
True
Is 7 a factor of 6274?
False
Is 34065 a multiple of 194?
False
Is 1431 a multiple of 27?
True
Is 10 a factor of 16?
False
Does 9 divide 350?
False
Is 2202 a multiple of 6?
True
Is 1707 a multiple of 33?
False
Does 10 divide 960?
True
Does 3 divide 3964?
False
Does 4 divide 80?
True
Is 40 a factor of 2760?
True
Does 34 divide 20502?
True
Does 56 divide 1391?
False
Does 72 divide 10875?
False
Is 306 a factor of 11934?
True
Is 3502 a multiple of 103?
True
Is 4034 a multiple of 82?
False
Is 28 a factor of 252?
True
Does 33 divide 779?
False
Is 127 a factor of 30353?
True
Is 58472 a multiple of 80?
False
Is 38296 a multiple of 10?
False
Is 7 a factor of 927?
False
Does 64 divide 735?
False
Does 3 divide 25?
False
Is 372 a multiple of 9?
False
Is 4 a factor of 3160?
True
Does 80 divide 25257?
False
Is 8827 a multiple of 97?
True
Is 62 a factor of 332?
False
Is 128 a factor of 38016?
True
Is 30 a factor of 240?
True
Is 13 a multiple of 3?
False
Is 7 a factor of 1083?
False
Does 176 divide 6512?
True
Is 5347 a multiple of 96?
False
Is 570 a multiple of 6?
True
Is 19360 a multiple of 88?
True
Is 13 a factor of 2570?
False
Does 33 divide 32147?
False
Is 24 a factor of 50760?
True
Is 192 a multiple of 32?
True
Is 1248 a multiple of 32?
True
Is 13 a factor of 13481?
True
Does 16 divide 2880?
True
Does 4 divide 4392?
True
Is 9152 a multiple of 78?
False
Does 374 divide 57970?
True
Is 21907 a multiple of 213?
False
Is 4 a factor of 40?
True
Does 24 divide 20778?
False
Does 8 divide 449?
False
Is 37 a factor of 4810?
True
Does 235 divide 10105?
True
Does 25 divide 33325?
True
Is 12 a factor of 1980?
True
Is 31887 a multiple of 12?
False
Is 75942 a multiple of 400?
False
Is 2632 a multiple of 188?
True
Is 17 a factor of 3723?
True
Is 7060 a multiple of 41?
False
Is 88 a factor of 1095?
False
Is 320 a multiple of 4?
True
Does 12 divide 153?
False
Does 5 divide 42?
False
Is 5 a factor of 3358?
False
Is 24 a factor of 16320?
True
Is 18 a factor of 3402?
True
Does 15 divide 3991?
False
Does 20 divide 23300?
True
Is 142 a factor of 132628?
True
Is 11962 a multiple of 13?
False
Is 188 a factor of 4700?
True
Does 67 divide 41540?
True
Is 9 a factor of 29516?
False
Does 3 divide 920?
False
Does 28 divide 1680?
True
Is 22 a factor of 3421?
False
Is 59 a factor of 4589?
False
Is 11 a factor of 987?
False
Is 83 a factor of 37016?
False
Does 4 divide 3055?
False
Is 21 a factor of 232?
False
Does 12 divide 478?
False
Is 2 a factor of 8121?
False
Is 260 a multiple of 26?
True
Is 10799 a multiple of 22?
False
Does 8 divide 1764?
False
Does 31 divide 4185?
True
Is 7859 a multiple of 29?
True
Is 66290 a multiple of 70?
True
Is 506 a multiple of 11?
True
Is 2 a factor of 745?
False
Does 49 divide 2131?
False
Is 51 a factor of 14790?
True
Is 439 even?
False
Is 81 even?
False
Does 12 divide 876?
True
Is 20 a factor of 28?
False
Is 1365 a multiple of 15?
True
Is 361 a multiple of 19?
True
Does 5 divide 950?
True
Is 12469 a multiple of 246?
False
Is 7 a factor of 60?
False
Is 268 a multiple of 4?
True
Does 10 divide 820?
True
Is 4192 a multiple of 131?
True
Is 27 a factor of 2619?
True
Is 17 a factor of 425?
True
Is 9645 a multiple of 64?
False
Is 21 a factor of 15091?
False
Is 16 a factor of 34544?
True
Is 44 a factor of 9110?
False
Is 3339 a multiple of 21?
True
Is 18984 a multiple of 8?
True
Is 8 a factor of 70?
False
Is 101 a multiple of 6?
False
Does 4 divide 338?
False
Is 5 a factor of 4575?
True
Does 7 divide 30?
False
Does 3 divide 1564?
False
Is 203 a multiple of 50?
False
Is 16918 a multiple of 142?
False
Is 5362 a multiple of 14?
True
Is 8150 a multiple of 77?
False
Does 134 divide 37485?
False
Is 15 a factor of 9062?
False
Is 1502 a multiple of 110?
False
Is 5440 even?
True
Is 2037 a multiple of 5?
False
Is 5 a factor of 95?
True
Is 8723 a multiple of 8?
False
Does 26 divide 2886?
True
Is 249 a multiple of 19?
False
Is 82 a factor of 19160?
False
Is 2601 a multiple of 3?
True
Is 45 a factor of 32417?
False
Is 8808 a multiple of 192?
False
Is 1735 a multiple of 34?
False
Does 127 divide 2794?
True
Is 4 a factor of 56489?
False
Is 2 a factor of 1845?
False
Does 27 divide 3191?
False
Is 2130 a multiple of 30?
True
Is 8730 a multiple of 19?
False
Is 3120 a multiple of 12?
True
Is 16 a factor of 17279?
False
Is 23 a factor of 818?
False
Is 44 a factor of 34804?
True
Is 2156 a multiple of 28?
True
Is 8632 a multiple of 48?
False
Is 25698 a multiple of 4?
False
Is 6996 a multiple of 132?
True
Is 26706 a multiple of 15?
False
Is 16 a factor of 5584?
True
Is 5282 a multiple of 10?
False
Does 7 divide 1512?
True
Is 874 a multiple of 21?
False
Does 142 divide 2247?
False
Does 127 divide 15367?
True
Is 87 a factor of 1208?
False
Does 17 divide 785?
False
Does 31 divide 1897?
False
Does 104 divide 13402?
False
Is 7 a factor